e 4 - (42 + -23) - -8.
-7
Calculate 8 + (-36 - -23) + 5.
0
Calculate -11 - 1 - (35 + -11 - 59).
23
Calculate 18 + (8 - (6 + 1 + 6)).
13
What is the value of (-62 - -15) + 22 + (2 - 4)?
-27
What is the value of 68 + -54 + (-6 - 4)?
4
Calculate -2 - 3 - (-21 + (38 - (-3 - -16))).
-9
Evaluate -26 + 54 + 2 - 56.
-26
What is the value of (6 - 19) + 47 - 22?
12
What is the value of 14 + 27 + -12 + 2 + -4?
27
Calculate (-4 + -2 - (-88 - -71)) + -9.
2
-5 - ((-1 + 14 - 7) + -11)
0
What is (-1 - 5) + (7 - (-14 + 12))?
3
Evaluate 4 - (3 + -5) - 22.
-16
18 + (4 - 10) - (7 - (-4 + 10))
11
Calculate 8 + (-18 - -45) + -14.
21
(-6 - -3 - -11) + 4 + -3
9
(-36 - -36) + (-1 - 4) - 2 - -1
-6
What is the value of 4 - (-7 - (-8 - (0 + -1))) - 19?
-15
What is the value of 63 + -54 - (-1 + -1 - -5)?
6
Calculate -1 + -1 + 13 + (22 - 16 - 14).
3
What is the value of 433 + -439 - ((-1 + -34 - 0) + -3)?
32
Calculate (-3 - -8) + 7 + 4 + -7 + 0.
9
-1 + -4 - (2 - (-25 - -27))
-5
(3 + (-1 - -4) - (-59 + 68)) + -5
-8
What is (-22 - 10) + 14 + 4 - 5?
-19
What is 10 - -1 - (-17 + 12 + 0 + -2)?
18
What is -1 + -1 + -3 + 9?
4
What is -3 + 0 + (5 + -13 - (12 - 20))?
-3
What is the value of (532 - 569) + 1 + 14?
-22
Evaluate 1 - (3 - 8 - (-13 + 8)).
1
(13 - 0) + (-401 - -379)
-9
-3 - (11 + -7 + -14)
7
Evaluate (15 - (14 + -5 - -3) - 2) + -28.
-27
What is 13 + (4 - 1) + (6 - (-3 - -17))?
8
What is the value of -493 + 464 - ((1 + 0 - 1) + -1)?
-28
Calculate -12 + (17 - -20) + (-4 - 4) + -1.
16
Calculate -60 + 43 - (-2 + 0 + 0) - -5.
-10
-8 - (15 + (0 - -3 - (11 - 1)))
-16
What is the value of (-37 - 1) + (-23 - (-37 + 0))?
-24
What is the value of 6 + (-2 - (-13 + 11))?
6
Calculate 3 + 0 + -11 - ((0 - 40) + 4).
28
Evaluate 4 - (1 - -13) - ((-5 - -2) + -4).
-3
Evaluate -23 - (-7 - -5 - -19) - -14.
-26
16 + -34 + 14 - -15
11
11 + (-12 - -8) + -3 + -19
-15
What is (-25 - (6 + -30)) + 0 + 30?
29
Evaluate (-10 - -1) + (-6 + -4 - 4 - -4).
-19
Evaluate 26 + (21 - 60) - (-3 + -1).
-9
Evaluate (-2 - 0) + (1 + 17 - (159 + -149)).
6
(-5 + (2 - -11) - 19 - -2) + -26
-35
Evaluate -3 + -4 - (-31 - (-27 - -14)).
11
What is 6 - (-10 + 3 + 11 - -4)?
-2
Calculate -3 - (9 - (1 - (-9 + 5))).
-7
15 + -1 + (-55 - -52) + 9 + -3
17
11 + -4 - (-49 + 41)
15
Calculate 5 + (-24 - -6 - 5) + 7.
-11
Calculate -2 + -15 - -30 - 7.
6
What is -17 - (-15 + -6 + -12)?
16
What is the value of 4 + -23 + (26 - 19) + 7?
-5
3 + 0 - (11 - (4 + -1))
-5
-2 + -7 + 1 - -5 - (1 - -12)
-16
Calculate (-2 - 1) + -2 + -8 + (4 - -11).
2
What is the value of 3 + 19 + -20 + -7 + 1?
-4
What is the value of -48 - -61 - (16 - -2)?
-5
What is the value of -2 + (-13 + 32 - 16)?
1
8 + 26 - 43 - 16
-25
Calculate 7 + -10 + 4 + -16.
-15
Calculate (-2 - -14) + (11 - (-9 + 27)).
5
Calculate 15 - 6 - (-154 - -184).
-21
(-12 + 6 - (-5 - -1)) + (-8 - -11)
1
(6 - 0) + -1 + (-1 - -6) + -1
9
What is 10 + 30 + -38 + 0 + 13?
15
Evaluate 3 + -30 + 69 + -69.
-27
-32 - (13 + -10 + -13 + (1 - -6))
-29
Calculate (-19 + 22 - (9 + -1)) + -4 + 7.
-2
What is the value of 17 + -26 + (19 - 6)?
4
1 + -23 + (13 - 14)
-23
Calculate 0 - 8 - (-86 - (-190 - -83)).
-29
What is the value of -50 + 61 + (4 - (-3 + 3))?
15
What is the value of 18 + (-3 - -8 - -2) + -21?
4
What is the value of -13 + 2 + 1 + (-134 - -94) + 10?
-40
What is -2 - ((-8 - -2) + 7 + -1 + -6)?
4
What is 25 + -2 + (7 - 20) + 7?
17
9 + 0 + 53 + -31 + -24
7
Calculate (-4 - (-18 + 9)) + -1 + 21 + -39.
-14
What is (46 - 51) + 24 + -5?
14
What is the value of 27 + (-36 - -16) + 0 + 2 + -4?
5
What is -10 - -23 - (13 - (18 + 6))?
24
What is 3 + -10 + (-1 + 4 - (-2 - -4))?
-6
What is the value of -101 + 121 + -8 + 3?
15
Calculate -27 - (0 + ((-11 - 5) + 7 - -12)).
-30
What is (-2 + -10 - -3) + -17 + 3 + 10?
-13
1 + -4 + (16 + 0 - 18)
-5
What is -1 + -5 + (-13 + 1 - (-98 - -83))?
-3
What is -10 + (2 - (-11 + 6)) + 2 - -5?
4
-24 - (-100 + 60) - (2 - 1)
15
Evaluate -7 - (6 + -15) - -12 - -2.
16
Evaluate -4 + 12 - (1 + -9).
16
-42 + (-7 - -15) - -8
-26
What is the value of 1 - (-31 - (-4 - -14 - 15))?
27
Calculate (-2 - (2 - 8)) + (0 - 10).
-6
What is (-2 + -1 - -11 - -7) + -9?
6
Evaluate 22 + (-33 - -10) + 13.
12
Evaluate (150 - 182) + (35 - -2).
5
Evaluate -10 + 3 + 6 - 11.
-12
What is the value of (5 + (-7 - -3) - (-1 + 0)) + 5?
7
12 + 12 + (-38 - -19)
5
Evaluate 4 + 2 - (47 + -46).
5
Evaluate (930 - 915) + 0 + 6.
21
Calculate (-20 - -60) + (108 + -116 - (0 - 1)).
33
What is 30 + -22 + -9 + (-1 - 0)?
-2
-1 + -1 + -14 - -15
-1
Evaluate 15 + 2 + 5 + -1 - (11 + -8).
18
-5 + (4 - -10) - -1 - (1 + 4)
5
Evaluate (13 - 3 - 1) + (-4 - 1) - -6.
10
What is 2 - (-20 + 14 + 12)?
-4
Calculate 1 + 5 + (-5 - -2) + (16 - 20).
-1
What is the value of -7 + -1 + (8 - -4)?
4
What is -3 + (-24 + (12 - 2) - (-6 + -2))?
-9
What is (4 + -4 - 5 - -9) + (-2 - -3)?
5
5 + -2 + (-8 - -15) + -5
5
Calculate (51 - 17) + (-13 - 16).
5
Calculate (6 - 8 - (-11 - -5)) + (9 - 2).
11
Calculate -101 + 50 - -56 - (14 + 1).
-10
Evaluate 4 - (2 - (18 + -9 + -5 - 1)).
5
Calculate (6 - 12 - (1 - 15)) + -12.
-4
26 + -70 + -16 + 28
-32
What is -25 - (-11 - (25 + -12))?
-1
What is the value of 2 + (-35 - -13) + 0 + 1?
-19
-2 + 1 + (-7 - 4) - -6 - 2
-8
Evaluate -16 + (9 + -2 - (-24 + 12 - -15)).
-12
Calculate -1 + -1 - (-401 - -408).
-9
-1 + -5 + 6 + 6 - 16
-10
Evaluate 28 - (-26 - (-59 - 1)).
-6
Evaluate 5 - (4 - (-15 + (10 - 21))).
-25
What is 24 - (-8 + 7 + -6 + 6 + -2)?
27
What is -9 - (7 + (20 - 6) + -19)?
-11
Evaluate 5 + -8 + 0 + (7 - 2) - 1.
1
Calculate 53 + -17 - 1 - 62.
-27
What is the value of (-3 - 6) + 17 - (-10 - (-5 - 0))?
13
What is -10 + 1 - (11 + 2 - -2)?
-24
What is (19 - 14) + (5 - (-5 + 10) - 7)?
-2
Evaluate 11 + (3 - (-2 - -15)) - (-8 + -2).
11
What is -5 + (7 - ((-4 - 1) + 24))?
-17
What is the value of (1 + -7 + -1 + 0 - -2) + 1?
-4
Evaluate 15 - 16 - (-3 - 14 - 1).
17
Evaluate 0 + -1 - (30 - 39).
8
What is the value of 10 - (8 + -4 - (-2 + 0 + 2))?
6
Evaluate 282 + -243 - (20 + 0).
19
What is -5 + (1 - (0 - (13 + 6)))?
15
Calculate -70 + 67 - (1 + -12) - 10.
-2
What is (-24 - (34 - 56)) + -20?
-22
What is 11 - 0 - (14 + -8) - 3 - -6?
8
Evaluate (19 - 2 - 12) + (-1 - (2 - -2)).
0
What is the value of -27 - (-7 + 16 - 14)?
-22
7 + 1 - (1 + 11 - 7)
3
What is (18 + 0 - (-177 - -215)) + 11 + 0?
-9
Calculate -22 - (25 - 22 - 16).
-9
-3 + (-3 - 1) - (15 + -6 + -13)
-3
Calculate 3 + (9 + -18 + 3 - -8).
5
What is the value of -3 - (2 + 6 + 4 - -7)?
-22
What is -8 + (2 - 3) + 12?
3
What is the value of (-20 - (-9 + -4)) + -10 + 2?
-15
Evaluate 16 - 0 - (153 - 140).
3
Evaluate -7 + (2 - (-11 + 21)) + (19 - 0).
4
(-25 - -13) + 21 - 1
8
-48 - -76 - (1 + (0 - -4))
23
Calculate (-244 - -228) + 17 + 0.
1
What is the value of -7 + 17 - (-19 - -6 - -9)?
14
What is 22 + (-4 - (0 - (-6 - 0 - -5)))?
17
What is the value of (-4 - (8 + -11) - -19) + 4 + -16?
6
-26 - (-28 + -15) - 19
-2
Evaluate (34 + -16 - 15) + -3 + 2 + 5.
7
What is the value of -5 - (2 + -4 + 16)?
-19
Calculate 4 + (-3 - (-2 + 11)).
-8
Calculate -12 + (41 - 27 - 6).
-4
Calculate 9 - ((-4 - 17) + 41) - (1 + 0).
-12
-6 + 42 + (-157 - -134)
13
-8 + -3 - (-1 - 47 - (10 + -18))
29
What is -9 + (23 + -1 - (6 + -2))?
9
Evaluate -1 - 0 - (0 + (3 - 10)) - 26.
-20
11 - (-8 + (15 + -7 - 16))
27
What is the value of -17 + (-10 - 1 - (-23 - -16) - 0)?
-21
-8 + -1 - (-7 + 6 - -5 - 4)
-9
What is 6 - (6 - (-1 - 11))?
-12
Calculate (7 - 14) + 4 + 6 - (11 + -33).
25
-3 + 2 + -8 + 13 - (-1 - 10)
15
Evaluate 14 + (-25 - 3) + 12.
-2
Calculate 3 + (-15 - (4 + -2) - (-154 + 144)).
-4
Evaluate -90 - -92 - (-1 - 8).
11
Evaluate (12 - 2 - (28 - (-18 - -36))) + -7.
-7
Calculate -4 + (3 - 6 - (-15 + 8)).
0
Evaluate -57 + 28 + 2 + 21.
-6
7 + -2 - (-27 + 25 + -10)
17
What is -1 - -7 - -1 - (29 - (-23 - -43))?
-2
2 + 0 + -5 - (37 - 5 - 39)
4
What is -9 - (-1 - (11 + -10))?
-7
What is the value of 1 + (5 - (-6 - -13)) - (2 - 2)?
-1
8 + 3 + (-2 - (7 + 0) - -6)
8
What is 11 - 24 - (-27 + (-8 - -4))?
18
What is -1 + 2 + 6 + -1 + (34 - 37)?
3
Calculate (-27 + 19 - -9) + -4.
-3
Evaluate -16 + (-5 - 6 - -39).
12
Evaluate -4 + (0 - (-3 + 19 - 7)).
-13
3 - (-48 + 39 + 13 + -3)
2
Evaluate -5 + (9 - (-7 + 6)) - 9.
-4
What is the value of -7 + 8 + 3 - 5 - -2?
1
Evaluate -35 - -40 - (3 + 2) - 10.
-10
Evaluate -4 + -1 + -3 + 5 +